{"id":3814,"date":"2025-04-15T09:48:41","date_gmt":"2025-04-15T07:48:41","guid":{"rendered":"https:\/\/www.setecna.it\/?page_id=3814"},"modified":"2025-04-30T10:37:52","modified_gmt":"2025-04-30T08:37:52","slug":"sistema-reg","status":"publish","type":"page","link":"https:\/\/www.setecna.it\/es\/sistema-reg\/","title":{"rendered":"SISTEMA REG"},"content":{"rendered":"\n<div class=\"wp-block-media-text alignwide is-stacked-on-mobile\" style=\"grid-template-columns:55% auto\"><figure class=\"wp-block-media-text__media\"><img loading=\"lazy\" width=\"1024\" height=\"210\" src=\"https:\/\/services.setecna.it\/wp-content\/uploads\/2022\/01\/REGSISTEMA-1024x210-1.png\" alt=\"\" class=\"wp-image-2036 size-full\" srcset=\"https:\/\/www.setecna.it\/wp-content\/uploads\/2022\/01\/REGSISTEMA-1024x210-1.png 1024w, https:\/\/www.setecna.it\/wp-content\/uploads\/2022\/01\/REGSISTEMA-1024x210-1-300x62.png 300w, https:\/\/www.setecna.it\/wp-content\/uploads\/2022\/01\/REGSISTEMA-1024x210-1-600x123.png 600w, https:\/\/www.setecna.it\/wp-content\/uploads\/2022\/01\/REGSISTEMA-1024x210-1-640x131.png 640w, https:\/\/www.setecna.it\/wp-content\/uploads\/2022\/01\/REGSISTEMA-1024x210-1-768x158.png 768w\" sizes=\"(max-width: 1024px) 100vw, 1024px\" \/><\/figure><div class=\"wp-block-media-text__content\">\n<h2 class=\"has-black-color has-text-color\">\u00a1El Sistema REG es la soluci\u00f3n ideal para el control de sistemas radiantes y la gesti\u00f3n de centrales t\u00e9rmicas!<\/h2>\n<\/div><\/div>\n\n\n\n<div style=\"height:23px\" aria-hidden=\"true\" class=\"wp-block-spacer\"><\/div>\n\n\n\n<h3>Caracter\u00edsticas principales del Sistema REG:<\/h3>\n\n\n\n<ul><li>F\u00e1cil de instalar y configurar<\/li><li>Componentes con un dise\u00f1o elegante, perfectamente integrables con las principales series de mecanismos el\u00e9ctricos empotrables<\/li><li>Modularidad y funcionalidad completa<\/li><li>Compatible con sistemas dom\u00f3ticos y BMS (Konnex, Modbus)<\/li><\/ul>\n\n\n\n<h4 class=\"has-black-color has-text-color\">El Sistema REG permite gestionar:<\/h4>\n\n\n\n<ul><li>hasta <strong>32 zonas<\/strong> independientes<\/li><li>hasta <strong>8 crono-programas<\/strong> semanales independientes<\/li><li>hasta <strong>8 colectores<\/strong> de distribuci\u00f3n, tambi\u00e9n en cascada, o <strong>8 circuitos directos y\/o mezclados<\/strong> (tanto con v\u00e1lvulas mezcladoras controladas a 3 puntos como con se\u00f1al 0\/10V)<\/li><li>bombas de circulaci\u00f3n simples o gemelas, con se\u00f1al de fallo (incluida conmutaci\u00f3n por error)<\/li><li>hasta <strong>8 unidades de deshumidificaci\u00f3n<\/strong>, <strong>integraci\u00f3n<\/strong> o <strong>ventilaci\u00f3n<\/strong> de aire nuevo<\/li><li>hasta <strong>3 fuentes t\u00e9rmicas mediante contacto seco o se\u00f1al 0\/10V<\/strong> (Calderas, Bombas de calor, termo chimeneas, etc.)<\/li><li>hasta <strong>8 generadores t\u00e9rmicos mediante protocolo OpenTherm<\/strong> (con interfaz espec\u00edfica) o Modbus RTU (con interfaz espec\u00edfica y firmware dedicado) a trav\u00e9s de algoritmos de gesti\u00f3n en cascada<\/li><li>la <strong>producci\u00f3n de agua caliente sanitaria<\/strong><\/li><li>la bomba de <strong>recirculaci\u00f3n sanitaria<\/strong>, incluso mediante reloj<\/li><li>el <strong>circuito solar t\u00e9rmico<\/strong><\/li><li>el <strong>control de la condensaci\u00f3n<\/strong> mediante sensores espec\u00edficos para sistemas de refrigeraci\u00f3n radiante<\/li><li>fuentes t\u00e9rmicas diferenciadas seg\u00fan la temperatura exterior, en instalaciones con fuentes mixtas (<strong>caldera y bomba de calor<\/strong>)<\/li><li><strong>contadores de energ\u00eda el\u00e9ctrica<\/strong><\/li><li>una se\u00f1al libre procedente del <strong>sistema fotovoltaico<\/strong><\/li><li>hasta 8 sondas anal\u00f3gicas libres, 8 entradas digitales libres y 5 se\u00f1ales de alarma (estas se\u00f1ales no influyen en la regulaci\u00f3n, se utilizan solo para monitoreo y control).<\/li><\/ul>\n\n\n\n<h4 class=\"has-black-color has-text-color\">Ventajas clave del Sistema REG:<\/h4>\n\n\n\n<ul><li>Los sensores de temperatura y humedad ambiente se integran perfectamente con las series el\u00e9ctricas empotrables m\u00e1s comunes (BTicino, Vimar, Gewiss, ABB, \u2026)<\/li><li>Los innovadores sensores con pantalla LED combinan dise\u00f1o refinado y alta funcionalidad para todo tipo de aplicaciones<\/li><li>Instalaci\u00f3n, configuraci\u00f3n y puesta en marcha r\u00e1pidas y sencillas, gracias a la <strong>pantalla incorporada<\/strong> y al <strong>software de configuraci\u00f3n gratuito<\/strong><\/li><li>La estructura modular con bus de comunicaci\u00f3n permite optimizar el cableado, reduciendo tanto el n\u00famero de cables como los costes de instalaci\u00f3n<\/li><li>El sistema incluye docenas de configuraciones preestablecidas (Presets), aptas para la mayor\u00eda de los sistemas.<\/li><\/ul>\n\n\n\n<h4 class=\"has-black-color has-text-color\">Un ecosistema de productos y servicios que simplifica la instalaci\u00f3n y el uso:<\/h4>\n\n\n\n<ul><li><strong>Telegestionable<\/strong> desde PC, smartphone o tableta (Accede al portal de telegesti\u00f3n: www.s5a.eu)<\/li><li>El software de configuraci\u00f3n <strong>genera autom\u00e1ticamente los esquemas el\u00e9ctricos<\/strong>, facilitando el trabajo del instalador y reduciendo errores.<\/li><\/ul>\n\n\n\n<div style=\"height:45px\" aria-hidden=\"true\" class=\"wp-block-spacer\"><\/div>\n\n\n\n<h4 class=\"has-black-color has-text-color\"><em>\u00a1Construye tu propio Sistema REG!<\/em><\/h4>\n\n\n\n<div class=\"wp-container-1 wp-block-buttons\">\n<div class=\"wp-block-button\"><a class=\"wp-block-button__link\" href=\"https:\/\/www.setecna.it\/es\/categoria-prodotto\/sistema-reg-es\/\" target=\"_blank\" rel=\"noreferrer noopener\">ENLACE A LOS COMPONENTES DEL SISTEMA REG<\/a><\/div>\n<\/div>\n","protected":false},"excerpt":{"rendered":"<p>\u00a1El Sistema REG es la soluci\u00f3n ideal para el control de sistemas radiantes y la gesti\u00f3n de centrales t\u00e9rmicas! Caracter\u00edsticas principales del Sistema REG: F\u00e1cil de instalar y configurar Componentes con un dise\u00f1o elegante, perfectamente integrables con las principales series de mecanismos el\u00e9ctricos empotrables Modularidad y funcionalidad completa Compatible con sistemas dom\u00f3ticos y BMS (Konnex,&hellip; <br \/> <a class=\"read-more\" href=\"https:\/\/www.setecna.it\/es\/sistema-reg\/\">Leer m\u00e1s<\/a><\/p>\n","protected":false},"author":1,"featured_media":0,"parent":0,"menu_order":0,"comment_status":"closed","ping_status":"closed","template":"","meta":[],"yoast_head":"<!-- This site is optimized with the Yoast SEO plugin v19.13 - https:\/\/yoast.com\/wordpress\/plugins\/seo\/ -->\n<title>SISTEMA REG - SETECNA EPC<\/title>\n<meta name=\"description\" content=\"Setecna, specialisti in progettazione e nella produzione di sistemi elettronici di regolazione e telecontrollo di impianti di riscaldamento\" \/>\n<meta name=\"robots\" content=\"index, follow, max-snippet:-1, max-image-preview:large, max-video-preview:-1\" \/>\n<link rel=\"canonical\" href=\"https:\/\/www.setecna.it\/es\/sistema-reg\/\" \/>\n<meta property=\"og:locale\" content=\"es_ES\" \/>\n<meta property=\"og:type\" content=\"article\" \/>\n<meta property=\"og:title\" content=\"SISTEMA REG - SETECNA EPC\" \/>\n<meta property=\"og:description\" content=\"Setecna, specialisti in progettazione e nella produzione di sistemi elettronici di regolazione e telecontrollo di impianti di riscaldamento\" \/>\n<meta property=\"og:url\" content=\"https:\/\/www.setecna.it\/es\/sistema-reg\/\" \/>\n<meta property=\"og:site_name\" content=\"SETECNA EPC\" \/>\n<meta property=\"article:modified_time\" content=\"2025-04-30T08:37:52+00:00\" \/>\n<meta property=\"og:image\" content=\"https:\/\/services.setecna.it\/wp-content\/uploads\/2022\/01\/REGSISTEMA-1024x210-1.png\" \/>\n<meta name=\"twitter:card\" content=\"summary_large_image\" \/>\n<meta name=\"twitter:label1\" content=\"Tiempo de lectura\" \/>\n\t<meta name=\"twitter:data1\" content=\"2 minutos\" \/>\n<script type=\"application\/ld+json\" class=\"yoast-schema-graph\">{\"@context\":\"https:\/\/schema.org\",\"@graph\":[{\"@type\":\"WebPage\",\"@id\":\"https:\/\/www.setecna.it\/es\/sistema-reg\/\",\"url\":\"https:\/\/www.setecna.it\/es\/sistema-reg\/\",\"name\":\"SISTEMA REG - SETECNA EPC\",\"isPartOf\":{\"@id\":\"https:\/\/www.setecna.it\/#website\"},\"datePublished\":\"2025-04-15T07:48:41+00:00\",\"dateModified\":\"2025-04-30T08:37:52+00:00\",\"description\":\"Setecna, specialisti in progettazione e nella produzione di sistemi elettronici di regolazione e telecontrollo di impianti di riscaldamento\",\"breadcrumb\":{\"@id\":\"https:\/\/www.setecna.it\/es\/sistema-reg\/#breadcrumb\"},\"inLanguage\":\"es\",\"potentialAction\":[{\"@type\":\"ReadAction\",\"target\":[\"https:\/\/www.setecna.it\/es\/sistema-reg\/\"]}]},{\"@type\":\"BreadcrumbList\",\"@id\":\"https:\/\/www.setecna.it\/es\/sistema-reg\/#breadcrumb\",\"itemListElement\":[{\"@type\":\"ListItem\",\"position\":1,\"name\":\"Home\",\"item\":\"https:\/\/www.setecna.it\/es\/\"},{\"@type\":\"ListItem\",\"position\":2,\"name\":\"SISTEMA REG\"}]},{\"@type\":\"WebSite\",\"@id\":\"https:\/\/www.setecna.it\/#website\",\"url\":\"https:\/\/www.setecna.it\/\",\"name\":\"SETECNA EPC\",\"description\":\"Il benessere inizia anche da qui\",\"publisher\":{\"@id\":\"https:\/\/www.setecna.it\/#organization\"},\"potentialAction\":[{\"@type\":\"SearchAction\",\"target\":{\"@type\":\"EntryPoint\",\"urlTemplate\":\"https:\/\/www.setecna.it\/?s={search_term_string}\"},\"query-input\":\"required name=search_term_string\"}],\"inLanguage\":\"es\"},{\"@type\":\"Organization\",\"@id\":\"https:\/\/www.setecna.it\/#organization\",\"name\":\"Setecna EPC srl\",\"url\":\"https:\/\/www.setecna.it\/\",\"logo\":{\"@type\":\"ImageObject\",\"inLanguage\":\"es\",\"@id\":\"https:\/\/www.setecna.it\/#\/schema\/logo\/image\/\",\"url\":\"https:\/\/www.setecna.it\/wp-content\/uploads\/2022\/06\/cropped-cropped-Risorsa-3.png\",\"contentUrl\":\"https:\/\/www.setecna.it\/wp-content\/uploads\/2022\/06\/cropped-cropped-Risorsa-3.png\",\"width\":1864,\"height\":186,\"caption\":\"Setecna EPC srl\"},\"image\":{\"@id\":\"https:\/\/www.setecna.it\/#\/schema\/logo\/image\/\"}}]}<\/script>\n<!-- \/ Yoast SEO plugin. -->","yoast_head_json":{"title":"SISTEMA REG - SETECNA EPC","description":"Setecna, specialisti in progettazione e nella produzione di sistemi elettronici di regolazione e telecontrollo di impianti di riscaldamento","robots":{"index":"index","follow":"follow","max-snippet":"max-snippet:-1","max-image-preview":"max-image-preview:large","max-video-preview":"max-video-preview:-1"},"canonical":"https:\/\/www.setecna.it\/es\/sistema-reg\/","og_locale":"es_ES","og_type":"article","og_title":"SISTEMA REG - SETECNA EPC","og_description":"Setecna, specialisti in progettazione e nella produzione di sistemi elettronici di regolazione e telecontrollo di impianti di riscaldamento","og_url":"https:\/\/www.setecna.it\/es\/sistema-reg\/","og_site_name":"SETECNA EPC","article_modified_time":"2025-04-30T08:37:52+00:00","og_image":[{"url":"https:\/\/services.setecna.it\/wp-content\/uploads\/2022\/01\/REGSISTEMA-1024x210-1.png"}],"twitter_card":"summary_large_image","twitter_misc":{"Tiempo de lectura":"2 minutos"},"schema":{"@context":"https:\/\/schema.org","@graph":[{"@type":"WebPage","@id":"https:\/\/www.setecna.it\/es\/sistema-reg\/","url":"https:\/\/www.setecna.it\/es\/sistema-reg\/","name":"SISTEMA REG - SETECNA EPC","isPartOf":{"@id":"https:\/\/www.setecna.it\/#website"},"datePublished":"2025-04-15T07:48:41+00:00","dateModified":"2025-04-30T08:37:52+00:00","description":"Setecna, specialisti in progettazione e nella produzione di sistemi elettronici di regolazione e telecontrollo di impianti di riscaldamento","breadcrumb":{"@id":"https:\/\/www.setecna.it\/es\/sistema-reg\/#breadcrumb"},"inLanguage":"es","potentialAction":[{"@type":"ReadAction","target":["https:\/\/www.setecna.it\/es\/sistema-reg\/"]}]},{"@type":"BreadcrumbList","@id":"https:\/\/www.setecna.it\/es\/sistema-reg\/#breadcrumb","itemListElement":[{"@type":"ListItem","position":1,"name":"Home","item":"https:\/\/www.setecna.it\/es\/"},{"@type":"ListItem","position":2,"name":"SISTEMA REG"}]},{"@type":"WebSite","@id":"https:\/\/www.setecna.it\/#website","url":"https:\/\/www.setecna.it\/","name":"SETECNA EPC","description":"Il benessere inizia anche da qui","publisher":{"@id":"https:\/\/www.setecna.it\/#organization"},"potentialAction":[{"@type":"SearchAction","target":{"@type":"EntryPoint","urlTemplate":"https:\/\/www.setecna.it\/?s={search_term_string}"},"query-input":"required name=search_term_string"}],"inLanguage":"es"},{"@type":"Organization","@id":"https:\/\/www.setecna.it\/#organization","name":"Setecna EPC srl","url":"https:\/\/www.setecna.it\/","logo":{"@type":"ImageObject","inLanguage":"es","@id":"https:\/\/www.setecna.it\/#\/schema\/logo\/image\/","url":"https:\/\/www.setecna.it\/wp-content\/uploads\/2022\/06\/cropped-cropped-Risorsa-3.png","contentUrl":"https:\/\/www.setecna.it\/wp-content\/uploads\/2022\/06\/cropped-cropped-Risorsa-3.png","width":1864,"height":186,"caption":"Setecna EPC srl"},"image":{"@id":"https:\/\/www.setecna.it\/#\/schema\/logo\/image\/"}}]}},"_links":{"self":[{"href":"https:\/\/www.setecna.it\/es\/wp-json\/wp\/v2\/pages\/3814"}],"collection":[{"href":"https:\/\/www.setecna.it\/es\/wp-json\/wp\/v2\/pages"}],"about":[{"href":"https:\/\/www.setecna.it\/es\/wp-json\/wp\/v2\/types\/page"}],"author":[{"embeddable":true,"href":"https:\/\/www.setecna.it\/es\/wp-json\/wp\/v2\/users\/1"}],"replies":[{"embeddable":true,"href":"https:\/\/www.setecna.it\/es\/wp-json\/wp\/v2\/comments?post=3814"}],"version-history":[{"count":10,"href":"https:\/\/www.setecna.it\/es\/wp-json\/wp\/v2\/pages\/3814\/revisions"}],"predecessor-version":[{"id":4250,"href":"https:\/\/www.setecna.it\/es\/wp-json\/wp\/v2\/pages\/3814\/revisions\/4250"}],"wp:attachment":[{"href":"https:\/\/www.setecna.it\/es\/wp-json\/wp\/v2\/media?parent=3814"}],"curies":[{"name":"wp","href":"https:\/\/api.w.org\/{rel}","templated":true}]}}

<div class="wp-block-media-text alignwide is-stacked-on-mobile" style="grid-template-columns:55% auto"><figure class="wp-block-media-text__media"><img loading="lazy" width="1024" height="210" src="https://services.setecna.it/wp-content/uploads/2022/01/REGSISTEMA-1024x210-1.png" alt="" class="wp-image-2036 size-full" srcset="https://www.setecna.it/wp-content/uploads/2022/01/REGSISTEMA-1024x210-1.png 1024w, https://www.setecna.it/wp-content/uploads/2022/01/REGSISTEMA-1024x210-1-300x62.png 300w, https://www.setecna.it/wp-content/uploads/2022/01/REGSISTEMA-1024x210-1-600x123.png 600w, https://www.setecna.it/wp-content/uploads/2022/01/REGSISTEMA-1024x210-1-640x131.png 640w, https://www.setecna.it/wp-content/uploads/2022/01/REGSISTEMA-1024x210-1-768x158.png 768w" sizes="(max-width: 1024px) 100vw, 1024px" /></figure><div class="wp-block-media-text__content">
<h2 class="has-black-color has-text-color">¡El Sistema REG es la solución ideal para el control de sistemas radiantes y la gestión de centrales térmicas!</h2>
</div></div>



<div style="height:23px" aria-hidden="true" class="wp-block-spacer"></div>



<h3>Características principales del Sistema REG:</h3>



<ul><li>Fácil de instalar y configurar</li><li>Componentes con un diseño elegante, perfectamente integrables con las principales series de mecanismos eléctricos empotrables</li><li>Modularidad y funcionalidad completa</li><li>Compatible con sistemas domóticos y BMS (Konnex, Modbus)</li></ul>



<h4 class="has-black-color has-text-color">El Sistema REG permite gestionar:</h4>



<ul><li>hasta <strong>32 zonas</strong> independientes</li><li>hasta <strong>8 crono-programas</strong> semanales independientes</li><li>hasta <strong>8 colectores</strong> de distribución, también en cascada, o <strong>8 circuitos directos y/o mezclados</strong> (tanto con válvulas mezcladoras controladas a 3 puntos como con señal 0/10V)</li><li>bombas de circulación simples o gemelas, con señal de fallo (incluida conmutación por error)</li><li>hasta <strong>8 unidades de deshumidificación</strong>, <strong>integración</strong> o <strong>ventilación</strong> de aire nuevo</li><li>hasta <strong>3 fuentes térmicas mediante contacto seco o señal 0/10V</strong> (Calderas, Bombas de calor, termo chimeneas, etc.)</li><li>hasta <strong>8 generadores térmicos mediante protocolo OpenTherm</strong> (con interfaz específica) o Modbus RTU (con interfaz específica y firmware dedicado) a través de algoritmos de gestión en cascada</li><li>la <strong>producción de agua caliente sanitaria</strong></li><li>la bomba de <strong>recirculación sanitaria</strong>, incluso mediante reloj</li><li>el <strong>circuito solar térmico</strong></li><li>el <strong>control de la condensación</strong> mediante sensores específicos para sistemas de refrigeración radiante</li><li>fuentes térmicas diferenciadas según la temperatura exterior, en instalaciones con fuentes mixtas (<strong>caldera y bomba de calor</strong>)</li><li><strong>contadores de energía eléctrica</strong></li><li>una señal libre procedente del <strong>sistema fotovoltaico</strong></li><li>hasta 8 sondas analógicas libres, 8 entradas digitales libres y 5 señales de alarma (estas señales no influyen en la regulación, se utilizan solo para monitoreo y control).</li></ul>



<h4 class="has-black-color has-text-color">Ventajas clave del Sistema REG:</h4>



<ul><li>Los sensores de temperatura y humedad ambiente se integran perfectamente con las series eléctricas empotrables más comunes (BTicino, Vimar, Gewiss, ABB, …)</li><li>Los innovadores sensores con pantalla LED combinan diseño refinado y alta funcionalidad para todo tipo de aplicaciones</li><li>Instalación, configuración y puesta en marcha rápidas y sencillas, gracias a la <strong>pantalla incorporada</strong> y al <strong>software de configuración gratuito</strong></li><li>La estructura modular con bus de comunicación permite optimizar el cableado, reduciendo tanto el número de cables como los costes de instalación</li><li>El sistema incluye docenas de configuraciones preestablecidas (Presets), aptas para la mayoría de los sistemas.</li></ul>



<h4 class="has-black-color has-text-color">Un ecosistema de productos y servicios que simplifica la instalación y el uso:</h4>



<ul><li><strong>Telegestionable</strong> desde PC, smartphone o tableta (Accede al portal de telegestión: www.s5a.eu)</li><li>El software de configuración <strong>genera automáticamente los esquemas eléctricos</strong>, facilitando el trabajo del instalador y reduciendo errores.</li></ul>



<div style="height:45px" aria-hidden="true" class="wp-block-spacer"></div>



<h4 class="has-black-color has-text-color"><em>¡Construye tu propio Sistema REG!</em></h4>



<div class="wp-container-1 wp-block-buttons">
<div class="wp-block-button"><a class="wp-block-button__link" href="https://www.setecna.it/es/categoria-prodotto/sistema-reg-es/" target="_blank" rel="noreferrer noopener">ENLACE A LOS COMPONENTES DEL SISTEMA REG</a></div>
</div>

<p>¡El Sistema REG es la solución ideal para el control de sistemas radiantes y la gestión de centrales térmicas! Características principales del Sistema REG: Fácil de instalar y configurar Componentes con un diseño elegante, perfectamente integrables con las principales series de mecanismos eléctricos empotrables Modularidad y funcionalidad completa Compatible con sistemas domóticos y BMS (Konnex,&hellip; <br /> <a class="read-more" href="https://www.setecna.it/es/sistema-reg/">Leer más</a></p>
